inder when 2059 is divided by 108?
7
What is the remainder when 7230 is divided by 32?
30
What is the remainder when 3052 is divided by 13?
10
Calculate the remainder when 2427 is divided by 59.
8
Calculate the remainder when 163 is divided by 56.
51
Calculate the remainder when 322 is divided by 106.
4
Calculate the remainder when 207 is divided by 69.
0
What is the remainder when 857 is divided by 86?
83
What is the remainder when 3022 is divided by 84?
82
What is the remainder when 1116 is divided by 43?
41
What is the remainder when 1140 is divided by 113?
10
Calculate the remainder when 537 is divided by 60.
57
Calculate the remainder when 686 is divided by 309.
68
What is the remainder when 294 is divided by 99?
96
Calculate the remainder when 92 is divided by 48.
44
Calculate the remainder when 302 is divided by 51.
47
Calculate the remainder when 7820 is divided by 50.
20
What is the remainder when 95 is divided by 36?
23
Calculate the remainder when 2406 is divided by 83.
82
Calculate the remainder when 650 is divided by 15.
5
Calculate the remainder when 166 is divided by 60.
46
What is the remainder when 2348 is divided by 2342?
6
What is the remainder when 1048 is divided by 212?
200
Calculate the remainder when 214 is divided by 22.
16
Calculate the remainder when 75 is divided by 27.
21
What is the remainder when 267 is divided by 18?
15
Calculate the remainder when 75 is divided by 9.
3
Calculate the remainder when 727 is divided by 14.
13
Calculate the remainder when 72 is divided by 27.
18
Calculate the remainder when 600 is divided by 67.
64
Calculate the remainder when 86 is divided by 75.
11
Calculate the remainder when 376 is divided by 27.
25
Calculate the remainder when 211 is divided by 13.
3
What is the remainder when 260 is divided by 50?
10
What is the remainder when 528 is divided by 36?
24
Calculate the remainder when 4268 is divided by 4257.
11
What is the remainder when 1330 is divided by 9?
7
What is the remainder when 213 is divided by 24?
21
Calculate the remainder when 1134 is divided by 49.
7
Calculate the remainder when 4401 is divided by 62.
61
Calculate the remainder when 3165 is divided by 789.
9
Calculate the remainder when 2038 is divided by 136.
134
Calculate the remainder when 97 is divided by 10.
7
What is the remainder when 3359 is divided by 259?
251
What is the remainder when 224 is divided by 57?
53
Calculate the remainder when 2672 is divided by 81.
80
What is the remainder when 253 is divided by 61?
9
Calculate the remainder when 267 is divided by 13.
7
Calculate the remainder when 263 is divided by 55.
43
What is the remainder when 131 is divided by 42?
5
What is the remainder when 443 is divided by 94?
67
Calculate the remainder when 14163 is divided by 3539.
7
Calculate the remainder when 995 is divided by 67.
57
What is the remainder when 531 is divided by 49?
41
Calculate the remainder when 220 is divided by 37.
35
What is the remainder when 449 is divided by 126?
71
What is the remainder when 16 is divided by 5?
1
What is the remainder when 1163 is divided by 13?
6
Calculate the remainder when 533 is divided by 70.
43
What is the remainder when 835 is divided by 59?
9
What is the remainder when 7787 is divided by 41?
38
Calculate the remainder when 699 is divided by 26.
23
What is the remainder when 185 is divided by 96?
89
Calculate the remainder when 707 is divided by 232.
11
Calculate the remainder when 41 is divided by 27.
14
What is the remainder when 1576 is divided by 17?
12
Calculate the remainder when 15997 is divided by 38.
37
Calculate the remainder when 2869 is divided by 470.
49
What is the remainder when 86 is divided by 24?
14
What is the remainder when 9 is divided by 6?
3
Calculate the remainder when 955 is divided by 29.
27
What is the remainder when 151 is divided by 27?
16
What is the remainder when 35 is divided by 6?
5
What is the remainder when 76 is divided by 25?
1
Calculate the remainder when 476 is divided by 53.
52
What is the remainder when 21480 is divided by 279?
276
Calculate the remainder when 5197 is divided by 20.
17
What is the remainder when 666 is divided by 115?
91
Calculate the remainder when 786 is divided by 72.
66
Calculate the remainder when 2203 is divided by 98.
47
What is the remainder when 15869 is divided by 64?
61
Calculate the remainder when 90 is divided by 25.
15
What is the remainder when 203 is divided by 153?
50
Calculate the remainder when 90 is divided by 14.
6
Calculate the remainder when 153 is divided by 11.
10
What is the remainder when 2329 is divided by 392?
369
What is the remainder when 75 is divided by 49?
26
Calculate the remainder when 56 is divided by 56.
0
What is the remainder when 4664 is divided by 2323?
18
What is the remainder when 607 is divided by 76?
75
What is the remainder when 9118 is divided by 20?
18
Calculate the remainder when 97 is divided by 12.
1
Calculate the remainder when 270 is divided by 33.
6
What is the remainder when 158 is divided by 18?
14
Calculate the remainder when 2931 is divided by 50.
31
Calculate the remainder when 1529 is divided by 506.
11
What is the remainder when 98 is divided by 6?
2
Calculate the remainder when 590 is divided by 35.
30
Calculate the remainder when 319 is divided by 20.
19
Calculate the remainder when 872 is divided by 82.
52
Calculate the remainder when 28 is divided by 6.
4
Calculate the remainder when 411 is divided by 83.
79
What is the remainder when 501 is divided by 8?
5
What is the remainder when 529 is divided by 19?
16
What is the remainder when 27 is divided by 18?
9
Calculate the remainder when 154 is divided by 83.
71
Calculate the remainder when 578 is divided by 193.
192
Calculate the remainder when 72 is divided by 30.
12
Calculate the remainder when 315 is divided by 31.
5
Calculate the remainder when 230 is divided by 117.
113
Calculate the remainder when 1114 is divided by 112.
106
Calculate the remainder when 3692 is divided by 1838.
16
What is the remainder when 287 is divided by 74?
65
What is the remainder when 52 is divided by 14?
10
What is the remainder when 14454 is divided by 26?
24
Calculate the remainder when 1283 is divided by 9.
5
Calculate the remainder when 64 is divided by 9.
1
What is the remainder when 118 is divided by 21?
13
What is the remainder when 538 is divided by 179?
1
What is the remainder when 548 is divided by 110?
108
Calculate the remainder when 2049 is divided by 9.
6
What is the remainder when 4159 is divided by 19?
17
What is the remainder when 1385 is divided by 63?
62
Calculate the remainder when 1793 is divided by 129.
116
What is the remainder when 39369 is divided by 386?
383
What is the remainder when 5338 is divided by 15?
13
Calculate the remainder when 338 is divided by 34.
32
What is the remainder when 121 is divided by 38?
7
Calculate the remainder when 78 is divided by 42.
36
Calculate the remainder when 6126 is divided by 9.
6
What is the remainder when 1346 is divided by 444?
14
Calculate the remainder when 630 is divided by 29.
21
What is the remainder when 82 is divided by 50?
32
What is the remainder when 286 is divided by 18?
16
What is the remainder when 260 is divided by 12?
8
What is the remainder when 157 is divided by 30?
7
What is the remainder when 99 is divided by 20?
19
Calculate the remainder when 22 is divided by 8.
6
Calculate the remainder when 278 is divided by 72.
62
What is the remainder when 829 is divided by 8?
5
What is the remainder when 368 is divided by 37?
35
What is the remainder when 485 is divided by 35?
30
What is the remainder when 12768 is divided by 31?
27
Calculate the remainder when 3738 is divided by 34.
32
What is the remainder when 247 is divided by 17?
9
Calculate the remainder when 113 is divided by 98.
15
What is the remainder when 458 is divided by 249?
209
What is the remainder when 1950 is divided by 10?
0
What is the remainder when 150 is divided by 78?
72
Calculate the remainder when 20 is divided by 19.
1
What is the remainder when 3740 is divided by 125?
115
What is the remainder when 246 is divided by 91?
64
Calculate the remainder when 1969 is divided by 34.
31
What is the remainder when 1209 is divided by 134?
3
What is the remainder when